 h. What is the units digit of g?
7
Let k(g) = -g + 41. What is the units digit of k(-23)?
4
Suppose 0*c + 4*c - 16 = 0. Suppose -c*o + 2*l = -0*l - 112, 3*l - 75 = -3*o. Suppose 5*b - 2*b = o. What is the units digit of b?
9
Let v(q) = -4*q. Let j be v(1). Let r = j + 9. What is the units digit of r?
5
Suppose 3*w - 1 = 2*w. What is the units digit of w?
1
Suppose -7 = -2*w + 3*w. Let c = -5 - w. Let v = 12 - c. What is the tens digit of v?
1
Suppose 5*h - 91 = -0*h - f, 0 = -4*h - 5*f + 56. What is the units digit of h?
9
Let d(r) = -248*r**3 - r**2 - r. What is the hundreds digit of d(-1)?
2
Let h(m) = -23*m + 4. What is the units digit of h(-2)?
0
Let h = -10 + 14. Suppose -2 = -3*m + 2*m. Suppose 0 = 5*a + o - 16, m*a + h = -4*o + 14. What is the units digit of a?
3
Let j(n) = -n**2 - 4*n + 8. Let l be j(-7). Let f(y) = -y + 18. What is the tens digit of f(l)?
3
Suppose -5*n = -3*n - 152. What is the tens digit of n?
7
Suppose -502 = -5*x - 47. What is the tens digit of x?
9
Suppose -3*i + 4 = -2. Let v(x) = -i*x**2 + x - 2*x**2 + 3*x**2 + 10*x**2. What is the units digit of v(-1)?
8
Let f be (-26)/(-4) + 1/(-2). Suppose f*j - 7 = 5*j. What is the units digit of j?
7
Let f = 5 - 7. What is the units digit of (-2 + 1)/(f/24)?
2
Let x(o) be the first derivative of -o**4/12 + 5*o**3/3 - 3*o**2 - 3*o + 3. Let c(y) be the first derivative of x(y). What is the units digit of c(9)?
3
Let l(w) = 41*w**3 - w**2 + w. What is the tens digit of l(1)?
4
Suppose 0 = 2*v + d + 11 + 1, 0 = -3*v + d - 28. What is the units digit of (v/(-2))/(16/184)?
6
Suppose -3*d - 4*l + 71 = 0, 3*d + 5*l + 53 = 6*d. What is the tens digit of d?
2
Suppose j - 2*x - 13 = 0, 2*j + j = 4*x + 29. Let t be 5*3/(60/16). Suppose 36 = t*f - q, j*f + 3*q = -f + 52. What is the units digit of f?
0
What is the units digit of 7/((-189)/(-1842)) + (-2)/9?
8
What is the units digit of (2 - (1 - 3))*1?
4
Suppose -54 - 26 = -5*u. Suppose -2*w = 3*f - 0*w - 36, -2*f + u = 4*w. What is the tens digit of f?
1
Let h(f) = 6*f. What is the tens digit of h(3)?
1
Suppose -15 = -3*x, -157 = -3*y - 0*x - 5*x. Let a = y - 31. Let w = -5 + a. What is the units digit of w?
8
Suppose 0 = -3*t - 4*u + 178, -2*t + 163 - 45 = 2*u. What is the units digit of t?
8
Suppose 3*t - t + 3 = -3*j, 2*j + 28 = 3*t. Suppose -4*f - 7 = 9. Let u = f + t. What is the units digit of u?
2
Let q(v) = v**2 + 8. Let t be q(4). Let z = t - 11. What is the units digit of z?
3
Suppose 25 = 5*u - 0. Let g(d) = 2*d - 3. Let h be g(u). Suppose -3*q = 2*z + h, -5*z + 2 = 2*q + 25. What is the units digit of q?
1
Suppose -3*i - 363 = -5*l, 4*l + i - 284 = 5*i. What is the tens digit of l?
7
Suppose r + r + 40 = -4*a, -5*a = -3*r - 104. Let m = -17 - r. Let z = 17 - m. What is the units digit of z?
6
What is the units digit of 35/4*(4 + 0)?
5
Let j be (-4)/(-6)*(-45)/6. What is the tens digit of (-5)/25 - 226/j?
4
Let a = -3 + -1. Let n(w) = -7*w + 7. What is the tens digit of n(a)?
3
Suppose -2*q + 2*m + 12 = 0, -2*m + 3 = q + 2*q. Suppose 32 = -q*t - 5*c, -t - 2*c = t + 20. Let l = t - -17. What is the units digit of l?
8
Suppose -31 = -f - 3*t - 2, -4*t = 5*f - 90. Let p be ((0 - 0)/(-2))/2. Suppose p*j = -2*j + f. What is the units digit of j?
7
Let o be 0/(-1 + 3 - 3). Let u = -3 - -5. Suppose 3*s - u - 1 = o. What is the units digit of s?
1
Let t(d) = d**3 + 13*d**2 - d - 3. What is the tens digit of t(-11)?
5
Suppose 3*n - 12 = 3. What is the units digit of 4 - (n - 0) - -31?
0
Let z(v) = 2*v**2 - 10*v + 3. What is the units digit of z(7)?
1
Let d(k) be the third derivative of -k**4/24 + 13*k**3/6 - 2*k**2. What is the units digit of d(6)?
7
Let n(y) = -13*y**3 + 2*y**2 + 5*y + 5. What is the tens digit of n(-2)?
0
Suppose -u + 1867 = -305. Let t be u/(-54) + 2/9. What is the units digit of (-1)/(((-2)/t)/(-1))?
0
Suppose 0 = 2*l - 5*i - 28, -3*l + 4*i = -27 - 15. What is the tens digit of l?
1
Suppose 6*l = 20 + 76. What is the tens digit of l?
1
Suppose -4*n = h - 661, 0 = 2*n - 10*h + 5*h - 303. What is the tens digit of n?
6
Let r = 8 - -2. Let n be 3/(-2) + (-15)/r. Let p = n - -18. What is the tens digit of p?
1
Let v = -7 - -7. Suppose -4*f + 9 + 43 = v. What is the units digit of f?
3
Let y(o) = -4*o - 3. Let g be y(-2). Suppose 0 = 5*j + 10, 0*q + g = 3*q - j. Suppose -2*w + q + 1 = d, 70 = 5*d - 2*w. What is the tens digit of d?
1
Let h = -59 - -87. Let t = h - 18. What is the units digit of t?
0
Let h(n) = -n**3 - 5*n**2 - 6*n - 6. Let u be h(-4). Let w be ((-5)/1)/(-1)*1. Suppose -w*x - u*f = -35, 4*x - 1 - 55 = 4*f. What is the units digit of x?
9
Let d(b) = -b - 4. Let y be d(-9). Let f(n) = n**3 - 5*n**2 + 2*n - 1. Let l be f(y). What is the units digit of (1 - -1)*l/2?
9
What is the hundreds digit of (4*(-7)/(-8))/(2/76)?
1
Let f(s) = s**3 - 3*s**2 - 12*s - 2. What is the tens digit of f(6)?
3
What is the tens digit of 17472/72 + (-2)/(-6)?
4
Let g = 71 + -30. What is the units digit of g?
1
Let b(z) = -z**3 + 9*z**2 + 13*z - 7. Let s be b(10). Suppose -5*l + 2*k = 3 - s, -5*l - 3*k = -45. What is the units digit of l?
6
Let h(g) = g**3 - 5*g**2 - 3*g + 6. Let u be h(5). Suppose 0 = -z + 2*z - 19. Let x = u + z. What is the units digit of x?
0
What is the tens digit of (-92)/(-2)*((-104)/(-16) + -5)?
6
Suppose 5*d = -2*y + 1, 0*d - d - 1 = 0. What is the units digit of y?
3
Let p(c) = 0*c - c - 7 - c. Suppose 1 = b + 6. What is the units digit of p(b)?
3
Let y(v) = -5*v + 65. What is the units digit of y(0)?
5
Let m(b) = b**3 + 4. Let x be m(0). What is the units digit of (-60)/x*24/(-9)?
0
Let t(k) = k**2 - 7*k + 8. Suppose 2*j - 3*j = 7. Let b be (3 + j)*(-6)/4. What is the units digit of t(b)?
2
Suppose -5*s = -2*u - 861, 5*s - 3*u = -0*u + 864. What is the units digit of s?
1
Let l(q) = 14*q + 7. What is the units digit of l(6)?
1
Let f be -3 - (0 - -2)*-4. Suppose 162 + 3 = f*x + 3*y, 5*x = 5*y + 125. Suppose 4*u - 30 = x. What is the units digit of u?
5
Suppose 4*n - 2*j - 8 = 16, -5*n - 5*j = -45. Let p = n + -12. Let r(c) = c**2 + 5*c + 1. What is the units digit of r(p)?
1
Suppose 30 = 3*p + x, p + 2*x = 20 - 5. What is the units digit of p?
9
Suppose z = 1 + 2. Let v be (3 + 7)*(z + -2). Suppose 3*q = 2*q + v. What is the units digit of q?
0
Suppose 0 = 2*p - s + 5*s - 110, -5*p - 4*s + 269 = 0. What is the units digit of p?
3
Let y = -43 - -72. What is the units digit of y?
9
What is the units digit of (-3 - -29) + (-4)/(-1)?
0
Let t(w) be the second derivative of -w**5/20 - w**4/6 - w**3/2 + w. Let z = -6 - -4. What is the units digit of t(z)?
6
Let k = -175 - -257. What is the units digit of k?
2
Suppose -4 = 5*t - 3*y + 2, 0 = 2*y + 6. Let l be (3/t + 4)/1. What is the tens digit of 7/3*2*l?
1
Let t = 6 + -4. Let f(j) = 6*j**2 + j + 2. What is the tens digit of f(t)?
2
Let a(y) = y - 3. Let n be a(3). Suppose 2 = -3*b - k - 0*k, -2*b + 4*k + 8 = n. Suppose -4*q + 2*q + 14 = b. What is the units digit of q?
7
Suppose -n = 3*n - 64. What is the tens digit of n - (3 - 4 - 1)?
1
Suppose 22 = -w + 68. What is the units digit of w?
6
Let h(z) = -2*z - 1. Let w be h(1). Let s = -2 - w. What is the tens digit of 13*((-3)/s + 4)?
1
Let n(j) = -j**3 + 6*j**2 + 2*j - 9. Let i(v) = v + 17. Let c be i(-11). What is the units digit of n(c)?
3
What is the units digit of -1*((5 - 6) + -140)?
1
Let u(j) = -j**2 - 3*j + 5. Let z be u(-4). Let r be (34 - z)*(1 + 0). Suppose s = -2*s + r. What is the tens digit of s?
1
What is the tens digit of -3 - (-1 + -2 - 212)?
1
Let o = 213 + -151. What is the tens digit of o?
6
Let c = -6 - -112. What is the units digit of c?
6
Let o = 5 - 13. Let z be (-2)/(-8) - 114/8. Let r = o - z. What is the units digit of r?
6
Suppose 0 = 3*t - 44 - 10. What is the units digit of t?
8
Let k(v) = -14*v**3 + 2*v**2 + 4*v - 5. Let y(a) = -a + 1. Let b(j) = -k(j) - 5*y(j). What is the tens digit of b(1)?
1
Suppose 0 = 22*o - 20*o - 192. What is the tens digit of o?
9
Suppose -a = -5*a. Suppose -3*k + 162 = -0*k + 3*b, -5*k - b + 274 = a. What is the tens digit of k?
5
Suppose -4*c - 14 + 62 = 0. Suppose 5*w = 8 + c. What is the units digit of w?
4
Let q(w) = w**2 + w - 1. Let o be q(-3). Suppose o*b - 46 = -1. What is the units digit of b?
9
Suppose -4*j + 124 = 32. Let w = j + 4. 